er when 665 is divided by 132?
5
Calculate the remainder when 9593 is divided by 27.
8
Calculate the remainder when 310945 is divided by 158.
1
What is the remainder when 6431 is divided by 1269?
86
What is the remainder when 7504 is divided by 1686?
760
What is the remainder when 45257 is divided by 73?
70
Calculate the remainder when 30149 is divided by 464.
453
Calculate the remainder when 1104 is divided by 998.
106
What is the remainder when 188850 is divided by 61?
55
What is the remainder when 51279 is divided by 1971?
33
Calculate the remainder when 118119 is divided by 381.
9
Calculate the remainder when 12036 is divided by 499.
60
What is the remainder when 432835 is divided by 79?
73
Calculate the remainder when 1172 is divided by 89.
15
What is the remainder when 32142 is divided by 574?
572
What is the remainder when 1271 is divided by 129?
110
What is the remainder when 12443 is divided by 31?
12
What is the remainder when 71970 is divided by 518?
486
What is the remainder when 308608 is divided by 15430?
8
What is the remainder when 721 is divided by 339?
43
What is the remainder when 14014 is divided by 6480?
1054
What is the remainder when 12750 is divided by 476?
374
Calculate the remainder when 437579 is divided by 748.
747
What is the remainder when 2858 is divided by 9?
5
What is the remainder when 8698 is divided by 1732?
38
Calculate the remainder when 61716 is divided by 63.
39
Calculate the remainder when 1732 is divided by 851.
30
Calculate the remainder when 999404 is divided by 333130.
14
Calculate the remainder when 263315 is divided by 266.
241
Calculate the remainder when 14614 is divided by 305.
279
What is the remainder when 52206 is divided by 164?
54
Calculate the remainder when 2729 is divided by 1329.
71
Calculate the remainder when 2474 is divided by 821.
11
What is the remainder when 76248 is divided by 17?
3
What is the remainder when 10320 is divided by 2578?
8
What is the remainder when 166009 is divided by 259?
249
What is the remainder when 2395 is divided by 131?
37
Calculate the remainder when 14825 is divided by 115.
105
What is the remainder when 437 is divided by 152?
133
Calculate the remainder when 12129 is divided by 787.
324
What is the remainder when 203301 is divided by 274?
267
Calculate the remainder when 2037886 is divided by 732.
730
Calculate the remainder when 16951 is divided by 5288.
1087
Calculate the remainder when 20150 is divided by 39.
26
What is the remainder when 504694 is divided by 1240?
14
What is the remainder when 14040 is divided by 1078?
26
What is the remainder when 33982 is divided by 363?
223
What is the remainder when 1647 is divided by 159?
57
What is the remainder when 478593 is divided by 481?
479
Calculate the remainder when 15882 is divided by 104.
74
Calculate the remainder when 25308 is divided by 5053.
43
Calculate the remainder when 4818945 is divided by 22.
21
What is the remainder when 1315515 is divided by 466?
463
Calculate the remainder when 233716 is divided by 435.
121
Calculate the remainder when 28136 is divided by 2804.
96
Calculate the remainder when 60170 is divided by 327.
2
Calculate the remainder when 435 is divided by 76.
55
Calculate the remainder when 1212 is divided by 659.
553
What is the remainder when 23798 is divided by 18?
2
Calculate the remainder when 1497918 is divided by 7.
2
What is the remainder when 471748 is divided by 125?
123
Calculate the remainder when 6170 is divided by 2035.
65
Calculate the remainder when 794923 is divided by 225.
223
Calculate the remainder when 111730 is divided by 735.
10
What is the remainder when 379508 is divided by 33?
8
What is the remainder when 244393 is divided by 611?
604
What is the remainder when 282528 is divided by 19?
17
What is the remainder when 76591 is divided by 195?
151
Calculate the remainder when 1667 is divided by 30.
17
Calculate the remainder when 13306 is divided by 22.
18
Calculate the remainder when 2524297 is divided by 671.
666
Calculate the remainder when 31554 is divided by 151.
146
Calculate the remainder when 59677 is divided by 172.
165
What is the remainder when 324663 is divided by 314?
301
What is the remainder when 160585 is divided by 1590?
1585
Calculate the remainder when 28345 is divided by 7075.
45
What is the remainder when 1413 is divided by 29?
21
What is the remainder when 190397 is divided by 1561?
1516
Calculate the remainder when 1726 is divided by 850.
26
Calculate the remainder when 5637 is divided by 5605.
32
What is the remainder when 3524 is divided by 676?
144
Calculate the remainder when 33898 is divided by 46.
42
What is the remainder when 11654 is divided by 195?
149
What is the remainder when 3922 is divided by 283?
243
What is the remainder when 30545 is divided by 22?
9
What is the remainder when 16215 is divided by 318?
315
Calculate the remainder when 475 is divided by 76.
19
Calculate the remainder when 19845 is divided by 25.
20
Calculate the remainder when 13188 is divided by 732.
12
Calculate the remainder when 17250 is divided by 13.
12
Calculate the remainder when 20193 is divided by 198.
195
Calculate the remainder when 7470 is divided by 3729.
12
Calculate the remainder when 1605119 is divided by 1254.
1253
Calculate the remainder when 483084 is divided by 11.
8
What is the remainder when 1437658 is divided by 98?
96
Calculate the remainder when 363290 is divided by 9560.
10
What is the remainder when 100954 is divided by 631?
625
Calculate the remainder when 1730087 is divided by 11.
7
Calculate the remainder when 908 is divided by 16.
12
Calculate the remainder when 2237 is divided by 926.
385
What is the remainder when 1459 is divided by 686?
87
Calculate the remainder when 40780 is divided by 462.
124
What is the remainder when 4102 is divided by 1352?
46
Calculate the remainder when 1171 is divided by 245.
191
Calculate the remainder when 2781182 is divided by 256.
254
What is the remainder when 124080 is divided by 65?
60
What is the remainder when 618550 is divided by 105?
100
What is the remainder when 3548849 is divided by 50?
49
What is the remainder when 56729 is divided by 692?
677
What is the remainder when 4076398 is divided by 20?
18
Calculate the remainder when 7998332 is divided by 288.
284
Calculate the remainder when 345364 is divided by 19.
1
Calculate the remainder when 14498 is divided by 725.
723
What is the remainder when 77474 is divided by 25801?
71
What is the remainder when 53029 is divided by 22?
9
What is the remainder when 3432 is divided by 3264?
168
Calculate the remainder when 1693977 is divided by 13.
12
What is the remainder when 362413 is divided by 13?
12
What is the remainder when 152127 is divided by 61?
54
Calculate the remainder when 3399 is divided by 697.
611
What is the remainder when 2027 is divided by 340?
327
What is the remainder when 6219 is divided by 1029?
45
Calculate the remainder when 12696 is divided by 3127.
188
What is the remainder when 2523 is divided by 279?
12
Calculate the remainder when 313 is divided by 104.
1
What is the remainder when 16705 is divided by 167?
5
Calculate the remainder when 120136 is divided by 24.
16
Calculate the remainder when 190279 is divided by 1359.
19
Calculate the remainder when 78536 is divided by 11216.
24
What is the remainder when 16667 is divided by 13?
1
What is the remainder when 45453 is divided by 1748?
5
Calculate the remainder when 135711 is divided by 179.
29
What is the remainder when 5933 is divided by 164?
29
Calculate the remainder when 1865 is divided by 118.
95
Calculate the remainder when 1449 is divided by 59.
33
Calculate the remainder when 17339 is divided by 271.
266
What is the remainder when 223534 is divided by 3?
1
Calculate the remainder when 3262 is divided by 78.
64
Calculate the remainder when 367031 is divided by 122330.
41
What is the remainder when 41443 is divided by 10357?
15
What is the remainder when 12101 is divided by 186?
11
Calculate the remainder when 9965 is divided by 540.
245
Calculate the remainder when 12063 is divided by 4019.
6
What is the remainder when 12056 is divided by 172?
16
Calculate the remainder when 10310 is divided by 16.
6
What is the remainder when 8640 is divided by 